{"id":123,"date":"2023-12-28T22:08:31","date_gmt":"2023-12-28T20:08:31","guid":{"rendered":"https:\/\/kodukantjarvamaa.planet.ee\/?page_id=123"},"modified":"2024-04-20T15:43:59","modified_gmt":"2024-04-20T12:43:59","slug":"galerii","status":"publish","type":"page","link":"https:\/\/kodukantjarvamaa.planet.ee\/?page_id=123","title":{"rendered":"Galerii"},"content":{"rendered":"<div class=\"wpb-content-wrapper\"><figure id=\"attachment_211\" aria-describedby=\"caption-attachment-211\" style=\"width: 300px\" class=\"wp-caption alignnone\"><img loading=\"lazy\" decoding=\"async\" class=\"size-medium wp-image-211\" src=\"https:\/\/kodukantjarvamaa.planet.ee\/wp-content\/uploads\/2024\/04\/20211113_130503-300x300.jpg\" alt=\"\" width=\"300\" height=\"300\" srcset=\"https:\/\/kodukantjarvamaa.planet.ee\/wp-content\/uploads\/2024\/04\/20211113_130503-300x300.jpg 300w, https:\/\/kodukantjarvamaa.planet.ee\/wp-content\/uploads\/2024\/04\/20211113_130503-1024x1024.jpg 1024w, https:\/\/kodukantjarvamaa.planet.ee\/wp-content\/uploads\/2024\/04\/20211113_130503-150x150.jpg 150w, https:\/\/kodukantjarvamaa.planet.ee\/wp-content\/uploads\/2024\/04\/20211113_130503-768x768.jpg 768w, https:\/\/kodukantjarvamaa.planet.ee\/wp-content\/uploads\/2024\/04\/20211113_130503-1536x1536.jpg 1536w, https:\/\/kodukantjarvamaa.planet.ee\/wp-content\/uploads\/2024\/04\/20211113_130503-2048x2048.jpg 2048w\" sizes=\"auto, (max-width: 300px) 100vw, 300px\" \/><figcaption id=\"caption-attachment-211\" class=\"wp-caption-text\">Kodukant J\u00e4rvamaa 25 s\u00fcnnip\u00e4evatort\u00a0 2021.a.<\/figcaption><\/figure>\n<p>[vc_row][vc_column][vc_gallery type=&#8221;image_grid&#8221; images=&#8221;107,117,116,115,111,112,113,114,109,110,108,118,119,120&#8243; img_size=&#8221;200&#215;200&#8243; title=&#8221;2018 J\u00e4rvamaa k\u00fclade p\u00e4ev ja \u00f5ppereis L\u00e4\u00e4enemaale&#8221;][\/vc_column][\/vc_row]<\/p>\n<\/div>","protected":false},"excerpt":{"rendered":"<p>[vc_row][vc_column][vc_gallery type=&#8221;image_grid&#8221; images=&#8221;107,117,116,115,111,112,113,114,109,110,108,118,119,120&#8243; img_size=&#8221;200&#215;200&#8243; title=&#8221;2018 J\u00e4rvamaa k\u00fclade p\u00e4ev ja \u00f5ppereis L\u00e4\u00e4enemaale&#8221;][\/vc_column][\/vc_row]<\/p>\n","protected":false},"author":2,"featured_media":0,"parent":0,"menu_order":0,"comment_status":"closed","ping_status":"closed","template":"","meta":{"footnotes":""},"class_list":["post-123","page","type-page","status-publish","hentry"],"_links":{"self":[{"href":"https:\/\/kodukantjarvamaa.planet.ee\/index.php?rest_route=\/wp\/v2\/pages\/123","targetHints":{"allow":["GET"]}}],"collection":[{"href":"https:\/\/kodukantjarvamaa.planet.ee\/index.php?rest_route=\/wp\/v2\/pages"}],"about":[{"href":"https:\/\/kodukantjarvamaa.planet.ee\/index.php?rest_route=\/wp\/v2\/types\/page"}],"author":[{"embeddable":true,"href":"https:\/\/kodukantjarvamaa.planet.ee\/index.php?rest_route=\/wp\/v2\/users\/2"}],"replies":[{"embeddable":true,"href":"https:\/\/kodukantjarvamaa.planet.ee\/index.php?rest_route=%2Fwp%2Fv2%2Fcomments&post=123"}],"version-history":[{"count":6,"href":"https:\/\/kodukantjarvamaa.planet.ee\/index.php?rest_route=\/wp\/v2\/pages\/123\/revisions"}],"predecessor-version":[{"id":214,"href":"https:\/\/kodukantjarvamaa.planet.ee\/index.php?rest_route=\/wp\/v2\/pages\/123\/revisions\/214"}],"wp:attachment":[{"href":"https:\/\/kodukantjarvamaa.planet.ee\/index.php?rest_route=%2Fwp%2Fv2%2Fmedia&parent=123"}],"curies":[{"name":"wp","href":"https:\/\/api.w.org\/{rel}","templated":true}]}}