{"id":69,"date":"2023-12-28T17:53:39","date_gmt":"2023-12-28T15:53:39","guid":{"rendered":"https:\/\/kodukantjarvamaa.planet.ee\/?page_id=69"},"modified":"2023-12-28T20:14:18","modified_gmt":"2023-12-28T18:14:18","slug":"kulad","status":"publish","type":"page","link":"https:\/\/kodukantjarvamaa.planet.ee\/?page_id=69","title":{"rendered":"K\u00fclad"},"content":{"rendered":"<div class=\"wpb-content-wrapper\"><p>[vc_row][vc_column][vc_column_text]<strong>J\u00e4rva maakonnas on kaks linna, \u00fcks alev, 10 alevikku ja 192 k\u00fcla.<br \/>\n<\/strong><a href=\"https:\/\/kodukantjarvamaa.planet.ee\/wp-content\/uploads\/2023\/12\/KULAD-Wikipedia.pdf\" target=\"_blank\" rel=\"noopener\">Vaata Wikipedia infot<\/a><strong><\/p>\n<p>Vaata k\u00fclade infot omavalitsuste kodulehel:<br \/>\n<\/strong><a href=\"https:\/\/jarvavald.ee\/kulad1\" target=\"_blank\" rel=\"noopener\">J\u00e4rva valla k\u00fclad<\/a><br \/>\n<a href=\"https:\/\/paide.kovtp.ee\/kylad\" target=\"_blank\" rel=\"noopener\">Paide linna k\u00fclad<\/a><br \/>\n<a href=\"https:\/\/www.tyri.ee\/kulades-elanikke\" target=\"_blank\" rel=\"noopener\">T\u00fcri valla k\u00fclad<\/a>[\/vc_column_text][\/vc_column][\/vc_row]<\/p>\n<\/div>","protected":false},"excerpt":{"rendered":"<p>[vc_row][vc_column][vc_column_text]J\u00e4rva maakonnas on kaks linna, \u00fcks alev, 10 alevikku ja 192 k\u00fcla. Vaata Wikipedia infot Vaata k\u00fclade infot omavalitsuste kodulehel: J\u00e4rva valla k\u00fclad Paide linna k\u00fclad T\u00fcri valla k\u00fclad[\/vc_column_text][\/vc_column][\/vc_row]<\/p>\n","protected":false},"author":2,"featured_media":0,"parent":0,"menu_order":2,"comment_status":"closed","ping_status":"closed","template":"","meta":{"footnotes":""},"class_list":["post-69","page","type-page","status-publish","hentry"],"_links":{"self":[{"href":"https:\/\/kodukantjarvamaa.planet.ee\/index.php?rest_route=\/wp\/v2\/pages\/69","targetHints":{"allow":["GET"]}}],"collection":[{"href":"https:\/\/kodukantjarvamaa.planet.ee\/index.php?rest_route=\/wp\/v2\/pages"}],"about":[{"href":"https:\/\/kodukantjarvamaa.planet.ee\/index.php?rest_route=\/wp\/v2\/types\/page"}],"author":[{"embeddable":true,"href":"https:\/\/kodukantjarvamaa.planet.ee\/index.php?rest_route=\/wp\/v2\/users\/2"}],"replies":[{"embeddable":true,"href":"https:\/\/kodukantjarvamaa.planet.ee\/index.php?rest_route=%2Fwp%2Fv2%2Fcomments&post=69"}],"version-history":[{"count":2,"href":"https:\/\/kodukantjarvamaa.planet.ee\/index.php?rest_route=\/wp\/v2\/pages\/69\/revisions"}],"predecessor-version":[{"id":102,"href":"https:\/\/kodukantjarvamaa.planet.ee\/index.php?rest_route=\/wp\/v2\/pages\/69\/revisions\/102"}],"wp:attachment":[{"href":"https:\/\/kodukantjarvamaa.planet.ee\/index.php?rest_route=%2Fwp%2Fv2%2Fmedia&parent=69"}],"curies":[{"name":"wp","href":"https:\/\/api.w.org\/{rel}","templated":true}]}}